s -3 + -1 + (4 - -1 - -4)?
5
What is -2 + -3 + 5 + 0?
0
16 + 7 + -12 - 1
10
10 - (-7 + (4 - -3) + 4)
6
What is 2 - (-1 - 0) - (3 + 1)?
-1
What is 1 + (-2 - -2) + 0 + -3?
-2
Evaluate (-6 - -2) + -1 + 8 + -4.
-1
What is 4 + -1 + 2 + 1 + -2?
4
What is the value of 5 + -2 - (-6 + 23 + -9)?
-5
4 + -13 + (5 - -1) + -5
-8
-16 + (0 - (-5 - (-3 + 5)))
-9
What is the value of -1 + -2 - (-40 + 31)?
6
Calculate -3 - -6 - ((13 - 4) + -1).
-5
Calculate -1 + (-4 + 1 - -4).
0
(-6 - 4 - (-6 + 2)) + 2
-4
Evaluate -7 - -7 - (3 + -1).
-2
What is the value of 2 + (-1 + 0 + 3 - 4)?
0
Evaluate 4 - (2 - -4) - (1 - 9).
6
Evaluate 4 + -5 + -5 + 0 + 5.
-1
What is 40 + -47 + (1 - -1)?
-5
Calculate 7 + (-7 - -2 - -1).
3
Evaluate (2 - 0) + 3 + (-15 - -5).
-5
What is the value of 9 + (-6 - -3) - 3 - 5?
-2
5 - (-9 + 7 + 6)
1
Evaluate 3 + (1 - (-2 - -5)) + -5.
-4
Calculate 0 + (0 - -4) + 17 + -22.
-1
(27 - 26) + (1 - -1 - 9)
-6
What is -4 - -1 - (4 - 5)?
-2
What is -2 + 6 - (8 + -13 + 9)?
0
What is 2 + -2 - (3 - 0 - 7)?
4
What is -4 + 1 + 3 - 0 - -2?
2
What is the value of -155 + 168 + (-1 - 7)?
5
What is the value of 4 + 0 + (-2 - 1) + -1?
0
(1 - 4 - -1) + -1 - -3
0
Calculate 7 + 10 + -14 + -11.
-8
-5 + -6 + (1 - -16)
6
10 - (-6 - -16 - 6) - 7
-1
What is the value of (-47 - -51) + 3 + -6?
1
Evaluate -4 - ((1 - 2) + 1).
-4
Evaluate 8 + 8 + -19 + -2.
-5
8 - (5 - (7 - 1 - 1))
8
Evaluate 2 + -1 + 0 - -2.
3
Calculate -1 + (8 - 10) - (-2 + -4).
3
Calculate 12 + (8 - (34 + -9)).
-5
(0 - -2) + (-34 - -37)
5
Evaluate (4 - (-17 - -16)) + -12 + 0.
-7
Calculate -4 - (-5 + 3 + 4 + -1).
-5
Calculate -1 + (27 - 29 - (0 - 2)).
-1
Calculate -1 + 2 - (4 + 0 + -2).
-1
What is the value of 1 + (-4 - (1 + -4))?
0
What is the value of 12 + 0 - 11 - (2 + -1)?
0
Evaluate 7 - (24 - (-6 + 5 + 8)).
-10
What is the value of -22 - -25 - (-3 + 1 + 1)?
4
Evaluate (77 - 77) + (-2 - 1).
-3
What is (-1 - (-1 + 0)) + (-12 - -10)?
-2
What is the value of 8 - (7 - 4) - 6?
-1
What is -13 - (3 - 3) - -7?
-6
Calculate -4 + 0 - (-3 + -4).
3
Calculate 11 + -12 + 6 + -7.
-2
Calculate (3 - (-2 - -5)) + -4.
-4
Evaluate -4 + 5 - (-2 - (0 - 3)).
0
0 + (3 - 0) + 1 + 0
4
Evaluate -1 + (18 - 7 - 9).
1
-2 - (2 + 1 + -4 + -3)
2
-4 - (-1 - -2 - 4)
-1
What is (-4 - (1 - 2)) + 6?
3
Calculate (5 - 8 - -7) + -2.
2
What is 4 - (0 + -1 - (-1 - 1))?
3
Calculate 5 + -4 - (-2 + (-2 - -4)).
1
Evaluate 3 - (3 + (-12 - -11)).
1
What is (8 - 1) + -59 + 47?
-5
(5 - -4) + 4 + -21
-8
Evaluate (1 - (8 + 0)) + 7 - -7.
7
-3 + 4 + 1 + 1
3
Evaluate -11 + (7 - -4) - (-2 - 2).
4
Calculate -3 + 3 - -7 - 5.
2
What is 1 - 0 - (-34 - -27)?
8
Calculate (0 - -3) + -3 - -3 - 6.
-3
(-9 - -1) + 10 + -7
-5
What is the value of 7 + (-8 - (-5 + 6))?
-2
Calculate 4 + -10 + (2 + 0 - 1).
-5
What is (4 - (3 + (0 - 4))) + -1?
4
7 + -5 + -1 + -3 + 1
-1
What is 5 + 8 - 10 - 3?
0
Evaluate (3 - 3) + 6 - 3.
3
-2 + 1 + -2 + -1
-4
Evaluate (13 - 6) + -14 + 2.
-5
What is the value of 5 + -1 + 8 + -18?
-6
-6 + 5 + (4 - 7) - -2
-2
-2 + 2 + -1 + 1
0
Evaluate 1 + -4 + 1 - (32 + -31).
-3
(1 + 4 - 0) + (-81 - -79)
3
Calculate 11 + -4 + 1 + -8.
0
Evaluate (2 - -1) + -13 + -6 + 9.
-7
Evaluate 4 + -3 - (0 - (-1 - -3)).
3
What is the value of (-13 - -10) + (1 - -1)?
-1
Evaluate 2 + 1 - (-3 - (-12 - -2)).
-4
What is -1 + (2 - 4) + -6?
-9
What is 2 + 2 + (4 - 16)?
-8
(-3 - (0 - 0)) + 8
5
Evaluate 3 - 1 - 3 - (-3 + 12).
-10
Evaluate -7 - (-13 + 2) - (1 + -1).
4
Evaluate -4 - (3 + -15) - 2.
6
Evaluate (-1 - -1) + -1 + -14 + 17.
2
(-1 - 3) + 9 + -1
4
Evaluate -13 - (5 + -5 - 10).
-3
What is the value of 2 + -3 - 0 - (0 - 7)?
6
-1 + (9 - 8 - 6)
-6
Calculate (-10 - (-4 + 2)) + 9.
1
What is the value of 0 + (-1 - (0 - (1 - 3)))?
-3
Calculate 25 + -9 + -8 - 11.
-3
Calculate 2 - -1 - (-17 + 16).
4
What is the value of 11 + -1 + -1 + -13?
-4
(-7 - (-9 - -5)) + 9
6
-16 - (5 + -10 + -8)
-3
Calculate 5 + -5 + -1 - -3.
2
Calculate 3 + (-1 - (-1 - -4 - 0)).
-1
5 - (-11 - -18 - (-5 + 2))
-5
Calculate -1 - (-1 + 0 - 5).
5
What is 9 + (2 + -12 - 1)?
-2
Calculate 4 + (-6 + 2 - -1) - 7.
-6
What is -7 - (-9 + 7 - 12)?
7
What is 3 - -5 - (8 + 0 + -9)?
9
What is the value of -5 + 5 + 11 + -8?
3
What is the value of (8 - (-6 + (-7 - -13))) + -3?
5
What is -7 + 0 + (-13 - -26)?
6
Calculate 4 - (0 + (-1 - 5) - -8).
2
What is 193 - 178 - (0 - -9)?
6
-7 + 4 + 2 + 6
5
3 - 8 - (5 - 5)
-5
What is 2 - (-5 + 11) - (0 - -1)?
-5
Calculate (-8 - -5) + (9 - 6).
0
Calculate 0 + (6 - 1 - 3).
2
-3 + (-1 - 0) + 6
2
9 - (3 - (0 - (5 + -5)))
6
Evaluate 8 + -10 - (-6 + 1 + -2).
5
What is 18 + -15 - (-1 + 0)?
4
What is 0 + 5 + (-11 + 17 - 11)?
0
What is the value of 4 + (1 - 2 - 3) - 0?
0
What is 9 - (-7 - -7) - 4?
5
What is (1 - -6) + (-20 - -15)?
2
What is 2 - 1 - 0 - (-4 - 0)?
5
-4 + -3 + 3 + 2 - -6
4
1 + 2 + -11 + 4 - -6
2
Calculate -5 - -9 - -2 - 8.
-2
1 + (-5 - (-5 + 7))
-6
What is 1 + -1 + 8 - (-23 + 27)?
4
-5 - (-2 - 0 - -1)
-4
Calculate (3 - 2) + -6 - (-4 - 0).
-1
Evaluate -3 + -2 + (7 - (-1 - -2)).
1
What is (-1 - -2) + (-23 - -26)?
4
Evaluate 5 + 1 - (-3 + 12 + 1).
-4
Evaluate 8 - 25 - (-5 + -1) - -4.
-7
Calculate -4 + (-3 - -8) + 3.
4
Calculate 0 + (-5 - -11 - 5).
1
Calculate (9 - (6 + -3 - -1)) + -8.
-3
What is the value of (3 - 3) + (0 - 2) - 0?
-2
Evaluate 9 - (-4 - -3 - -5) - 1.
4
What is the value of (1 - (2 - 0)) + 2?
1
What is -10 + 5 + -3 + 8 - 5?
-5
7 + -2 + -1 - -1
5
Evaluate -4 - (-15 - (4 - (11 + -2))).
6
Calculate (8 + -4 - (1 + 1)) + 2.
4
What is the value of 0 - (-5 + 17 + -7)?
-5
What is (-6 - -7) + -2 + 2?
1
What is the value of -1 + (-10 - (8 + 3 + -15))?
-7
Calculate 0 - 0 - 3 - -7.
4
-3 + 6 + 4 + (-2 - 1)
4
What is the value of (3 - (-2 + 5)) + 1 + -4?
-3
Calculate 4 + -10 - (14 - 28).
8
What is the value of -1 - -4 - (4 + -5)?
4
What is the value of -4 + (-5 + 2 - -4) - -3?
0
Evaluate -1 - 4 - (3 - 2 - 1).
-5
What is (1 - 1) + 1 + 1 + 1?
3
1 - (2 - -4) - -2 - 1
-4
Calculate -5 - (3 + 2 - 7).
-3
Calculate -6 - (-1 - (8 + -18 + 8)).
-7
-1 + 4 - 2 - (-1 + 0)
2
What is (-4 + 5 - 2) + -4?
-5
Evaluate 14 + (1 - (-7 + 8)) + -5.
9
Evaluate -10 + 10 + 9 + -13.
-4
What is the value of 12 + -16 - (0 - (3 + -1))?
-2
What is (-4 - (1 + -5)) + -1?
-1
What is -16 + 16 - (-2 - -3 - 3)?
2
What is the value of 7 + 0 + 6 + 17 + -19?
11
Calculate (10 - (16 - 10)) + (-8 - -1).
-3
What is the value of -7 - (-9 + 3 + -6)?
5
-6 + (7 + -1 - -2) - -3
5
What is the value of 0 + 2 + 0 + 4 + 0?
6
3 - (6 - (9 - 5))
1
-4 + 7 - 10 - -3
-4
Calculate 4 - (5 + -12 + 0).
11
Evaluate -3 + 6 + 0 - (6 + 1).
-4
What is 2 + -9 - -12 - -1?
6
What is the value of -4 - ((1 - 5) + (5 - 2))?
-3
Calculate -10 + 7 + -4 + 2 - -3.
-2
What is 0 + (-10 - 0) + (3 - -1)?
-6
What is the value of 3 + 4 + -5 + -6?
-4
What is the value of 4 + -2 + 6 + (0 - 4)?
4
Evaluate 13 - (6 - (4 + -3)).
8
Evaluate -6 + (2 - (2 + -5 + 4)).
-5
What is the value of 0 - 5 - 3 - -8?
0
Calculate -9 + (-1 - -9) - (0 + -7).
6
What is the value of 6 + -4 + -5 + 1?
-2
Calculate (-1 - 0) + 0 - (-1 + -3).
3
What is (-1 + 8 - (-10 - -12)) + -3?
2
Calculate 3 - -2 - -1 - (0 - -3).
3
What is the value of -1 + 6 - (8 + -18 - -9)?
6
Calculate -5 + (3 - 0) + -3.
-5
2 + -5 + (2 - 0) + 1
0
4 + -1 + (4 - 7)
0
What is 3 - 4 - (5 + -10 + 10)?
-6
Calculate 6 - (9 + -1 + -9).
7
What is the value of -5 + 4 - (1 - -1)?
-3
What is -4 + (1 - 1) - (-3 - 0)?
-1
-17 - -11 - (-4 + 1)
-3
What is the value of 2 + (4 - (9 + -5)) + 1?
3
Calculate -1 - (-2 + 2 + -4 + 4).
-1
Calculate 2 - (3 - (2 + -1)).
0
Calculate -3 + -3 + 4 + 7.
5
-2 + 3 + 1 - 7
-5
(-3 + -1 - -9) + -3
2
What is the value of 2 - (-22 + 23 - (4 + 0))?
5
Evaluate 3 + 2 + -6 + 2.
1
3 + (-18 - (4 + -12))
-7
What is the value of 0 - (-1 + -3 + (2 - -1))?
1
Evaluate -4 + 3 + (-2 + -7 - -5).
-5
Evaluate (-4 - -4) + 2 + -2.
0
What is 10 - (-3 - -3) - 16?
-6
Evaluate 49 + -58 + -1 + 18.
8
Evaluate -5 + 2 - (-2 - 0).
-1
Evaluate -9 + (1 - -5) + 2.
-1
3 + 0 - (14 - 19)
8
Calculate -10 + (13 - 12 - -4).
-5
Calculate (-11 - -9) + (2 - 2).
-2
What is 2 + 0 - (-4 - (-5 + 3))?
4
Calculate -7 - (-3 + 0) - (-32 + 22).
6
What is 14 - 12 - (1 + -1)?
2
Evaluate 1 + 2 + -2 + 2.
3
What is the value of -6 + 14 + (-5 - -7) + -2?
8
What is (-2 - -4) + -6 - -2?
-2
Calculate 13 + 8 + (-10 - 10).
1
What is -15 - (15 - 27 - 11)?
8
Calculate (-48 - -42 - (0 -